the units digit of 73?
3
What is the units digit of 975?
5
What is the ten thousands digit of 14061?
1
What is the units digit of 389?
9
What is the hundreds digit of 1889?
8
What is the tens digit of 131?
3
What is the tens digit of 19102?
0
What is the hundred thousands digit of 109075?
1
What is the tens digit of 3078?
7
What is the thousands digit of 34067?
4
What is the thousands digit of 70745?
0
What is the ten thousands digit of 138453?
3
What is the ten thousands digit of 12649?
1
What is the tens digit of 1831?
3
What is the units digit of 9998?
8
What is the tens digit of 4166?
6
What is the hundreds digit of 861?
8
What is the tens digit of 1205?
0
What is the tens digit of 99325?
2
What is the thousands digit of 3559?
3
What is the thousands digit of 1586?
1
What is the tens digit of 143047?
4
What is the hundred thousands digit of 209035?
2
What is the hundreds digit of 301?
3
What is the tens digit of 3278?
7
What is the tens digit of 1638?
3
What is the units digit of 3050?
0
What is the units digit of 23601?
1
What is the ten thousands digit of 37276?
3
What is the units digit of 7206?
6
What is the tens digit of 8949?
4
What is the tens digit of 4276?
7
What is the hundreds digit of 13051?
0
What is the units digit of 308?
8
What is the thousands digit of 64205?
4
What is the ten thousands digit of 101069?
0
What is the ten thousands digit of 10914?
1
What is the thousands digit of 1123?
1
What is the tens digit of 399?
9
What is the thousands digit of 39190?
9
What is the hundreds digit of 3588?
5
What is the thousands digit of 18792?
8
What is the thousands digit of 9872?
9
What is the tens digit of 3761?
6
What is the units digit of 18025?
5
What is the thousands digit of 2668?
2
What is the hundreds digit of 71768?
7
What is the units digit of 2693?
3
What is the hundreds digit of 22672?
6
What is the units digit of 3945?
5
What is the tens digit of 168219?
1
What is the hundreds digit of 10165?
1
What is the thousands digit of 7636?
7
What is the hundreds digit of 5974?
9
What is the hundreds digit of 6872?
8
What is the tens digit of 25994?
9
What is the units digit of 20855?
5
What is the hundred thousands digit of 109168?
1
What is the hundreds digit of 884?
8
What is the tens digit of 605?
0
What is the tens digit of 46338?
3
What is the thousands digit of 22424?
2
What is the tens digit of 26990?
9
What is the ten thousands digit of 85760?
8
What is the tens digit of 1528?
2
What is the tens digit of 831?
3
What is the hundreds digit of 1626?
6
What is the ten thousands digit of 14781?
1
What is the ten thousands digit of 32526?
3
What is the thousands digit of 6347?
6
What is the hundreds digit of 22907?
9
What is the hundreds digit of 19635?
6
What is the tens digit of 264?
6
What is the thousands digit of 4788?
4
What is the thousands digit of 43072?
3
What is the ten thousands digit of 69056?
6
What is the ten thousands digit of 55646?
5
What is the tens digit of 2710?
1
What is the thousands digit of 6334?
6
What is the tens digit of 383?
8
What is the hundreds digit of 1527?
5
What is the tens digit of 15058?
5
What is the thousands digit of 2865?
2
What is the tens digit of 411?
1
What is the tens digit of 1837?
3
What is the units digit of 11332?
2
What is the tens digit of 385?
8
What is the hundreds digit of 455?
4
What is the units digit of 3479?
9
What is the tens digit of 136262?
6
What is the hundreds digit of 3012?
0
What is the units digit of 41749?
9
What is the ten thousands digit of 13196?
1
What is the tens digit of 4270?
7
What is the thousands digit of 13205?
3
What is the tens digit of 318?
1
What is the tens digit of 27414?
1
What is the units digit of 4715?
5
What is the hundreds digit of 135060?
0
What is the units digit of 1345?
5
What is the hundreds digit of 9165?
1
What is the hundred thousands digit of 145625?
1
What is the units digit of 479?
9
What is the units digit of 39005?
5
What is the thousands digit of 150799?
0
What is the tens digit of 4922?
2
What is the tens digit of 7823?
2
What is the hundreds digit of 477?
4
What is the units digit of 947?
7
What is the tens digit of 3107?
0
What is the units digit of 310?
0
What is the tens digit of 402?
0
What is the thousands digit of 1388?
1
What is the tens digit of 404?
0
What is the tens digit of 2875?
7
What is the tens digit of 6999?
9
What is the tens digit of 1871?
7
What is the hundreds digit of 805?
8
What is the thousands digit of 3416?
3
What is the tens digit of 19495?
9
What is the thousands digit of 2696?
2
What is the tens digit of 61252?
5
What is the tens digit of 6916?
1
What is the tens digit of 909?
0
What is the units digit of 840?
0
What is the thousands digit of 5319?
5
What is the thousands digit of 8562?
8
What is the tens digit of 472?
7
What is the ten thousands digit of 70104?
7
What is the units digit of 463?
3
What is the units digit of 562?
2
What is the units digit of 12?
2
What is the thousands digit of 10255?
0
What is the units digit of 5211?
1
What is the units digit of 835?
5
What is the units digit of 510?
0
What is the thousands digit of 30957?
0
What is the thousands digit of 3798?
3
What is the units digit of 2669?
9
What is the thousands digit of 1175?
1
What is the tens digit of 1772?
7
What is the units digit of 23132?
2
What is the thousands digit of 71810?
1
What is the tens digit of 29345?
4
What is the hundreds digit of 235?
2
What is the units digit of 3101?
1
What is the units digit of 6386?
6
What is the hundreds digit of 1399?
3
What is the thousands digit of 5146?
5
What is the units digit of 120485?
5
What is the ten thousands digit of 41974?
4
What is the tens digit of 1413?
1
What is the tens digit of 6199?
9
What is the ten thousands digit of 19786?
1
What is the hundreds digit of 124301?
3
What is the tens digit of 2464?
6
What is the tens digit of 4566?
6
What is the thousands digit of 1242?
1
What is the tens digit of 177?
7
What is the thousands digit of 1109?
1
What is the hundreds digit of 5321?
3
What is the thousands digit of 4297?
4
What is the tens digit of 1250?
5
What is the hundreds digit of 3696?
6
What is the tens digit of 434?
3
What is the hundred thousands digit of 165242?
1
What is the units digit of 31?
1
What is the tens digit of 49159?
5
What is the units digit of 11501?
1
What is the units digit of 3510?
0
What is the units digit of 14943?
3
What is the hundreds digit of 2104?
1
What is the thousands digit of 8337?
8
What is the hundreds digit of 867?
8
What is the tens digit of 386?
8
What is the tens digit of 57174?
7
What is the thousands digit of 27482?
7
What is the thousands digit of 6282?
6
What is the thousands digit of 1734?
1
What is the hundreds digit of 8162?
1
What is the tens digit of 1478?
7
What is the thousands digit of 6262?
6
What is the tens digit of 52073?
7
What is the units digit of 13817?
7
What is the units digit of 16730?
0
What is the thousands digit of 97783?
7
What is the tens digit of 4677?
7
What is the thousands digit of 67886?
7
What is the thousands digit of 1039?
1
What is the hundreds digit of 1199?
1
What is the hundreds digit of 23906?
9
What is the tens digit of 2625?
2
What is the units digit of 940?
0
What is the tens digit of 7686?
8
What is the tens digit of 812?
1
What is the tens digit of 85702?
0
What is the thousands digit of 17866?
7
What is the units digit of 2330?
0
What is the tens digit of 8712?
1
What is the units digit of 87251?
1
What is the tens digit of 25813?
1
What is the units digit of 7610?
0
What is the thousands digit of 8156?
8
What is the hundreds digit of 849?
8
What is the thousands digit of 163254?
3
What is the tens digit of 1092?
9
What is the thousands digit of 11256?
1
What is the units digit of 62059?
9
What is the ten thousands digit of 11113?
1
What is the hundreds digit of 7906?
9
What is the tens digit of 20344?
4
What is the units digit of 589?
9
What is the ten thousands digit of 72699?
7
What is the hundreds digit of 2272?
2
What is the hundreds digit of 151801?
8
What is the tens digit of 18533?
3
What is the hundreds digit of 8306?
3
What is the thousands digit of 1220?
1
What is the hundreds digit of 1530?
5
What is the thousands digit of 59708?
9
What is the tens dig